{"id":41,"date":"2026-01-31T09:16:18","date_gmt":"2026-01-31T09:16:18","guid":{"rendered":"https:\/\/expiracioncabra.com\/?page_id=41"},"modified":"2026-01-31T10:54:40","modified_gmt":"2026-01-31T10:54:40","slug":"historia","status":"publish","type":"page","link":"https:\/\/expiracioncabra.com\/?page_id=41","title":{"rendered":"Historia"},"content":{"rendered":"\n<div class=\"wp-block-cover alignfull\" style=\"min-height:589px;aspect-ratio:unset;\"><img loading=\"lazy\" decoding=\"async\" width=\"563\" height=\"906\" class=\"wp-block-cover__image-background wp-image-89\" alt=\"\" src=\"https:\/\/expiracioncabra.com\/wp-content\/uploads\/2026\/01\/WhatsApp-Image-2026-01-31-at-11.50.43.jpeg\" style=\"object-position:50% 20%\" data-object-fit=\"cover\" data-object-position=\"50% 20%\" srcset=\"https:\/\/expiracioncabra.com\/wp-content\/uploads\/2026\/01\/WhatsApp-Image-2026-01-31-at-11.50.43.jpeg 563w, https:\/\/expiracioncabra.com\/wp-content\/uploads\/2026\/01\/WhatsApp-Image-2026-01-31-at-11.50.43-186x300.jpeg 186w\" sizes=\"auto, (max-width: 563px) 100vw, 563px\" \/><span aria-hidden=\"true\" class=\"wp-block-cover__background has-background-dim\"><\/span><div class=\"wp-block-cover__inner-container is-layout-flow wp-block-cover-is-layout-flow\">\n<p class=\"has-text-align-center has-large-font-size\"><\/p>\n<\/div><\/div>\n\n\n\n<p><strong>La Hermandad se funda el 11 de abril de 1971, siendo su primera salida procesional en la Semana Santa de 1972, procesionando la imagen sin ning\u00fan tipo de lujos, descansando la cruz directamente sobre los hombros de sus hermanos portadores.<\/strong><\/p>\n\n\n\n<p><strong>Desde sus inicios las l\u00edneas principales de trabajo son caritativas y asistenciales<\/strong><\/p>\n\n\n\n<p><strong>La venerada imagen del Sant\u00edsimo Cristo de la Expiraci\u00f3n es obra del escultor valenciano P\u00edo Mollar, llegando a la ciudad de Cabra en torno al a\u00f1o 1927 por expreso deseo de la Vizcondesa de Termens, do\u00f1a Carmen Gim\u00e9nez Flores, quien la deposit\u00f3 en la capilla de su domicilio particular.<\/strong><\/p>\n\n\n\n<p><strong>Tras el fallecimiento de la Vizcondesa, y conforme a lo dispuesto en su testamento, la sagrada imagen pas\u00f3 a recibir culto frente a su mausoleo en la Capilla de la Fundaci\u00f3n Termens. Desde ese momento y hasta el a\u00f1o 2024, el Sant\u00edsimo Cristo de la Expiraci\u00f3n fue custodiado con celo y devoci\u00f3n por la Comunidad de las Hijas de la Caridad, patronas de dicha Fundaci\u00f3n y ostentando el t\u00edtulo de Hermana Mayor Honoraria de la Cofrad\u00eda.<\/strong><\/p>\n\n\n\n<p><strong>En el a\u00f1o 1996, la bendita imagen fue sometida a un proceso de restauraci\u00f3n a cargo de D. Salvador Guzm\u00e1n Moral, quien nuevamente intervino sobre la misma en el a\u00f1o 2021.<\/strong><\/p>\n\n\n\n<p><\/p>\n","protected":false},"excerpt":{"rendered":"<p>La Hermandad se funda el 11 de abril de 1971, siendo su primera salida procesional en la Semana Santa de 1972, procesionando la imagen sin ning\u00fan tipo de lujos, descansando la cruz directamente sobre los hombros de sus hermanos portadores. Desde sus inicios las l\u00edneas principales de trabajo son caritativas y asistenciales La venerada imagen [&hellip;]<\/p>\n","protected":false},"author":1,"featured_media":0,"parent":0,"menu_order":0,"comment_status":"closed","ping_status":"closed","template":"","meta":{"footnotes":""},"class_list":["post-41","page","type-page","status-publish","hentry"],"blocksy_meta":[],"yoast_head":"<!-- This site is optimized with the Yoast SEO plugin v27.4 - https:\/\/yoast.com\/product\/yoast-seo-wordpress\/ -->\n<title>Historia - Expiraci\u00f3n Cabra<\/title>\n<meta name=\"robots\" content=\"index, follow, max-snippet:-1, max-image-preview:large, max-video-preview:-1\" \/>\n<link rel=\"canonical\" href=\"https:\/\/expiracioncabra.com\/?page_id=41\" \/>\n<meta property=\"og:locale\" content=\"es_ES\" \/>\n<meta property=\"og:type\" content=\"article\" \/>\n<meta property=\"og:title\" content=\"Historia - Expiraci\u00f3n Cabra\" \/>\n<meta property=\"og:description\" content=\"La Hermandad se funda el 11 de abril de 1971, siendo su primera salida procesional en la Semana Santa de 1972, procesionando la imagen sin ning\u00fan tipo de lujos, descansando la cruz directamente sobre los hombros de sus hermanos portadores. Desde sus inicios las l\u00edneas principales de trabajo son caritativas y asistenciales La venerada imagen [&hellip;]\" \/>\n<meta property=\"og:url\" content=\"https:\/\/expiracioncabra.com\/?page_id=41\" \/>\n<meta property=\"og:site_name\" content=\"Expiraci\u00f3n Cabra\" \/>\n<meta property=\"article:modified_time\" content=\"2026-01-31T10:54:40+00:00\" \/>\n<meta property=\"og:image\" content=\"https:\/\/expiracioncabra.com\/wp-content\/uploads\/2026\/01\/WhatsApp-Image-2026-01-31-at-11.50.43.jpeg\" \/>\n\t<meta property=\"og:image:width\" content=\"563\" \/>\n\t<meta property=\"og:image:height\" content=\"906\" \/>\n\t<meta property=\"og:image:type\" content=\"image\/jpeg\" \/>\n<meta name=\"twitter:card\" content=\"summary_large_image\" \/>\n<meta name=\"twitter:label1\" content=\"Tiempo de lectura\" \/>\n\t<meta name=\"twitter:data1\" content=\"2 minutos\" \/>\n<script type=\"application\/ld+json\" class=\"yoast-schema-graph\">{\"@context\":\"https:\\\/\\\/schema.org\",\"@graph\":[{\"@type\":\"WebPage\",\"@id\":\"https:\\\/\\\/expiracioncabra.com\\\/?page_id=41\",\"url\":\"https:\\\/\\\/expiracioncabra.com\\\/?page_id=41\",\"name\":\"Historia - Expiraci\u00f3n Cabra\",\"isPartOf\":{\"@id\":\"https:\\\/\\\/expiracioncabra.com\\\/#website\"},\"primaryImageOfPage\":{\"@id\":\"https:\\\/\\\/expiracioncabra.com\\\/?page_id=41#primaryimage\"},\"image\":{\"@id\":\"https:\\\/\\\/expiracioncabra.com\\\/?page_id=41#primaryimage\"},\"thumbnailUrl\":\"https:\\\/\\\/expiracioncabra.com\\\/wp-content\\\/uploads\\\/2026\\\/01\\\/WhatsApp-Image-2026-01-31-at-11.50.43.jpeg\",\"datePublished\":\"2026-01-31T09:16:18+00:00\",\"dateModified\":\"2026-01-31T10:54:40+00:00\",\"breadcrumb\":{\"@id\":\"https:\\\/\\\/expiracioncabra.com\\\/?page_id=41#breadcrumb\"},\"inLanguage\":\"es\",\"potentialAction\":[{\"@type\":\"ReadAction\",\"target\":[\"https:\\\/\\\/expiracioncabra.com\\\/?page_id=41\"]}]},{\"@type\":\"ImageObject\",\"inLanguage\":\"es\",\"@id\":\"https:\\\/\\\/expiracioncabra.com\\\/?page_id=41#primaryimage\",\"url\":\"https:\\\/\\\/expiracioncabra.com\\\/wp-content\\\/uploads\\\/2026\\\/01\\\/WhatsApp-Image-2026-01-31-at-11.50.43.jpeg\",\"contentUrl\":\"https:\\\/\\\/expiracioncabra.com\\\/wp-content\\\/uploads\\\/2026\\\/01\\\/WhatsApp-Image-2026-01-31-at-11.50.43.jpeg\",\"width\":563,\"height\":906},{\"@type\":\"BreadcrumbList\",\"@id\":\"https:\\\/\\\/expiracioncabra.com\\\/?page_id=41#breadcrumb\",\"itemListElement\":[{\"@type\":\"ListItem\",\"position\":1,\"name\":\"Portada\",\"item\":\"https:\\\/\\\/expiracioncabra.com\\\/\"},{\"@type\":\"ListItem\",\"position\":2,\"name\":\"Historia\"}]},{\"@type\":\"WebSite\",\"@id\":\"https:\\\/\\\/expiracioncabra.com\\\/#website\",\"url\":\"https:\\\/\\\/expiracioncabra.com\\\/\",\"name\":\"Expiraci\u00f3n Cabra\",\"description\":\"\",\"publisher\":{\"@id\":\"https:\\\/\\\/expiracioncabra.com\\\/#organization\"},\"potentialAction\":[{\"@type\":\"SearchAction\",\"target\":{\"@type\":\"EntryPoint\",\"urlTemplate\":\"https:\\\/\\\/expiracioncabra.com\\\/?s={search_term_string}\"},\"query-input\":{\"@type\":\"PropertyValueSpecification\",\"valueRequired\":true,\"valueName\":\"search_term_string\"}}],\"inLanguage\":\"es\"},{\"@type\":\"Organization\",\"@id\":\"https:\\\/\\\/expiracioncabra.com\\\/#organization\",\"name\":\"Expiraci\u00f3n Cabra\",\"url\":\"https:\\\/\\\/expiracioncabra.com\\\/\",\"logo\":{\"@type\":\"ImageObject\",\"inLanguage\":\"es\",\"@id\":\"https:\\\/\\\/expiracioncabra.com\\\/#\\\/schema\\\/logo\\\/image\\\/\",\"url\":\"https:\\\/\\\/expiracioncabra.com\\\/wp-content\\\/uploads\\\/2026\\\/01\\\/cropped-ESCUDO-EXPIRACION-1-scaled-1.png\",\"contentUrl\":\"https:\\\/\\\/expiracioncabra.com\\\/wp-content\\\/uploads\\\/2026\\\/01\\\/cropped-ESCUDO-EXPIRACION-1-scaled-1.png\",\"width\":2560,\"height\":2560,\"caption\":\"Expiraci\u00f3n Cabra\"},\"image\":{\"@id\":\"https:\\\/\\\/expiracioncabra.com\\\/#\\\/schema\\\/logo\\\/image\\\/\"}}]}<\/script>\n<!-- \/ Yoast SEO plugin. -->","yoast_head_json":{"title":"Historia - Expiraci\u00f3n Cabra","robots":{"index":"index","follow":"follow","max-snippet":"max-snippet:-1","max-image-preview":"max-image-preview:large","max-video-preview":"max-video-preview:-1"},"canonical":"https:\/\/expiracioncabra.com\/?page_id=41","og_locale":"es_ES","og_type":"article","og_title":"Historia - Expiraci\u00f3n Cabra","og_description":"La Hermandad se funda el 11 de abril de 1971, siendo su primera salida procesional en la Semana Santa de 1972, procesionando la imagen sin ning\u00fan tipo de lujos, descansando la cruz directamente sobre los hombros de sus hermanos portadores. Desde sus inicios las l\u00edneas principales de trabajo son caritativas y asistenciales La venerada imagen [&hellip;]","og_url":"https:\/\/expiracioncabra.com\/?page_id=41","og_site_name":"Expiraci\u00f3n Cabra","article_modified_time":"2026-01-31T10:54:40+00:00","og_image":[{"width":563,"height":906,"url":"https:\/\/expiracioncabra.com\/wp-content\/uploads\/2026\/01\/WhatsApp-Image-2026-01-31-at-11.50.43.jpeg","type":"image\/jpeg"}],"twitter_card":"summary_large_image","twitter_misc":{"Tiempo de lectura":"2 minutos"},"schema":{"@context":"https:\/\/schema.org","@graph":[{"@type":"WebPage","@id":"https:\/\/expiracioncabra.com\/?page_id=41","url":"https:\/\/expiracioncabra.com\/?page_id=41","name":"Historia - Expiraci\u00f3n Cabra","isPartOf":{"@id":"https:\/\/expiracioncabra.com\/#website"},"primaryImageOfPage":{"@id":"https:\/\/expiracioncabra.com\/?page_id=41#primaryimage"},"image":{"@id":"https:\/\/expiracioncabra.com\/?page_id=41#primaryimage"},"thumbnailUrl":"https:\/\/expiracioncabra.com\/wp-content\/uploads\/2026\/01\/WhatsApp-Image-2026-01-31-at-11.50.43.jpeg","datePublished":"2026-01-31T09:16:18+00:00","dateModified":"2026-01-31T10:54:40+00:00","breadcrumb":{"@id":"https:\/\/expiracioncabra.com\/?page_id=41#breadcrumb"},"inLanguage":"es","potentialAction":[{"@type":"ReadAction","target":["https:\/\/expiracioncabra.com\/?page_id=41"]}]},{"@type":"ImageObject","inLanguage":"es","@id":"https:\/\/expiracioncabra.com\/?page_id=41#primaryimage","url":"https:\/\/expiracioncabra.com\/wp-content\/uploads\/2026\/01\/WhatsApp-Image-2026-01-31-at-11.50.43.jpeg","contentUrl":"https:\/\/expiracioncabra.com\/wp-content\/uploads\/2026\/01\/WhatsApp-Image-2026-01-31-at-11.50.43.jpeg","width":563,"height":906},{"@type":"BreadcrumbList","@id":"https:\/\/expiracioncabra.com\/?page_id=41#breadcrumb","itemListElement":[{"@type":"ListItem","position":1,"name":"Portada","item":"https:\/\/expiracioncabra.com\/"},{"@type":"ListItem","position":2,"name":"Historia"}]},{"@type":"WebSite","@id":"https:\/\/expiracioncabra.com\/#website","url":"https:\/\/expiracioncabra.com\/","name":"Expiraci\u00f3n Cabra","description":"","publisher":{"@id":"https:\/\/expiracioncabra.com\/#organization"},"potentialAction":[{"@type":"SearchAction","target":{"@type":"EntryPoint","urlTemplate":"https:\/\/expiracioncabra.com\/?s={search_term_string}"},"query-input":{"@type":"PropertyValueSpecification","valueRequired":true,"valueName":"search_term_string"}}],"inLanguage":"es"},{"@type":"Organization","@id":"https:\/\/expiracioncabra.com\/#organization","name":"Expiraci\u00f3n Cabra","url":"https:\/\/expiracioncabra.com\/","logo":{"@type":"ImageObject","inLanguage":"es","@id":"https:\/\/expiracioncabra.com\/#\/schema\/logo\/image\/","url":"https:\/\/expiracioncabra.com\/wp-content\/uploads\/2026\/01\/cropped-ESCUDO-EXPIRACION-1-scaled-1.png","contentUrl":"https:\/\/expiracioncabra.com\/wp-content\/uploads\/2026\/01\/cropped-ESCUDO-EXPIRACION-1-scaled-1.png","width":2560,"height":2560,"caption":"Expiraci\u00f3n Cabra"},"image":{"@id":"https:\/\/expiracioncabra.com\/#\/schema\/logo\/image\/"}}]}},"_links":{"self":[{"href":"https:\/\/expiracioncabra.com\/index.php?rest_route=\/wp\/v2\/pages\/41","targetHints":{"allow":["GET"]}}],"collection":[{"href":"https:\/\/expiracioncabra.com\/index.php?rest_route=\/wp\/v2\/pages"}],"about":[{"href":"https:\/\/expiracioncabra.com\/index.php?rest_route=\/wp\/v2\/types\/page"}],"author":[{"embeddable":true,"href":"https:\/\/expiracioncabra.com\/index.php?rest_route=\/wp\/v2\/users\/1"}],"replies":[{"embeddable":true,"href":"https:\/\/expiracioncabra.com\/index.php?rest_route=%2Fwp%2Fv2%2Fcomments&post=41"}],"version-history":[{"count":7,"href":"https:\/\/expiracioncabra.com\/index.php?rest_route=\/wp\/v2\/pages\/41\/revisions"}],"predecessor-version":[{"id":91,"href":"https:\/\/expiracioncabra.com\/index.php?rest_route=\/wp\/v2\/pages\/41\/revisions\/91"}],"wp:attachment":[{"href":"https:\/\/expiracioncabra.com\/index.php?rest_route=%2Fwp%2Fv2%2Fmedia&parent=41"}],"curies":[{"name":"wp","href":"https:\/\/api.w.org\/{rel}","templated":true}]}}